What is the value of 43 + -39 - -52 - 32?
24
What is -5 - (365 + -360 - (83 + -2))?
71
Evaluate -5 - -3 - 6 - (9 + -58).
41
(6 - 1) + 40 + (6 - (-4 - (-3 + 3)))
55
19 + (35 - 93) - -2
-37
What is -6 - (-87 - (-154 - -78) - (-2 - (1 - -1)))?
1
(108 - 22 - 90) + -13
-17
-21 - 2 - (22 - (16 - (-24 + 12)))
-17
What is the value of -43 + 82 + (8 - 16 - (2 + -2))?
31
Evaluate -9088 + 9096 + 1 + 0 + (-1 - 48).
-40
(-2 - -1 - (1 - -10)) + (29522 - 29482)
28
Calculate (15 - (-10 - -15)) + (-18 - -16) - 65.
-57
Calculate -42 - -59 - (-4 - (12 + -8 - -53)).
78
What is (-14 - 6) + -51 + 31 + -74?
-114
(115 - 11) + -12 + (4 - -1) + 15
112
Calculate -6 + -14 + 7 - (-136 - -133).
-10
What is the value of -159 + 55 + 60 + -19?
-63
Evaluate (-27 - ((-17 + 23 - 37) + 14)) + (102 - 2).
90
Evaluate (14 + -14 - -5) + 2 + 1 + -14.
-6
What is -1 + -34 - (-4730 - -4708)?
-13
Calculate 35 + 0 + -20 + -33 + -17.
-35
Evaluate -30 + (-1 - 3) + (-4519 - -4580).
27
(-17 - 2) + (10 - -7 - -11)
9
Evaluate (-61 - -174 - 108) + -6 + -1.
-2
-24 - -82 - (92 - 44)
10
Evaluate -20 - -28 - ((-11 - -30) + 0).
-11
What is the value of -90 - (-103 - (83 - 172))?
-76
Evaluate (8 - (24 - 2)) + (3 - -23) - -8.
20
-66 - (13 + (75 - 104))
-50
Calculate (0 - 1 - -35) + (5400 - 5415) - 53.
-34
Calculate -9 + 8 + (8 - 1) + (-26 - -2 - 59).
-77
What is (-29 + 2 - -5) + (-3 - -85)?
60
What is the value of -1 - -7 - (294 + -426 + 224)?
-86
What is -32 + 0 + -2 + 5 + (-586 - -582)?
-33
Evaluate 2 - (0 + -7 - (-1 - 3)) - (-145 + 244).
-94
What is the value of (-11 - -34) + -25 + (6 - 4) + -1 + -3?
-4
What is (69 + 0 - -5) + -14?
60
What is -29 + (120 - (-43 + 92))?
42
(-27 - (22 + -51)) + (14 - -2)
18
Calculate (25 - 25) + 5 + -25 + 0.
-20
(-7 - -20) + 8 - (-82 + (4 - 4))
103
What is the value of -43 + 94 - 103 - -166?
114
(11 - 83 - (6 + 7 + -18)) + 11
-56
What is -5 + 10 + -50 + 83?
38
What is the value of -17 + 12 + (-5 - (2 - 8))?
-4
Calculate 46 - 19 - (15 - 14 - -2).
24
Calculate -3 + (8 + 0 + 0 - 29).
-24
What is (2 - 5) + (-128 - -108) - 10?
-33
7 - (25 + -15 + 2 - (8 + -2))
1
Calculate -156 + 69 - -43 - (6 + -1 + 2).
-51
Evaluate 17 + (26 - (35 - (-4 + 51))).
55
What is the value of 1024 - 996 - (-1 + 13)?
16
Evaluate -9 + (0 - -7) - (307 + -325).
16
What is (917 - 902 - (1 + -8)) + -4?
18
Calculate 16 - (-25 + 62) - 14 - -20.
-15
What is the value of (8 - 53) + 82 - -7?
44
(195 - 180) + (-29 - ((-9 - -3) + 9))
-17
110 - (14 + -37) - ((-24 - -6) + -3 + 6)
148
Evaluate -2 + 930 + -841 + (1 - -1).
89
-28 + 55 - 37 - (-3 + (-3 - 6))
2
Evaluate 50 + 109 + -112 + 7 + -33.
21
Calculate -3 - (43 - -3) - (-2505 - -2524).
-68
What is the value of 110 + 4 + -37 + 2 + -26?
53
What is the value of (-2 - (-23 - -35 - 20)) + (1 - -64)?
71
Calculate (9 - (91 + -77)) + -46 + -1 - (0 - 1).
-51
Evaluate (11 - ((-2 - 4) + (3 - -8)) - 13) + -37.
-44
What is (284 + -284 - (10 - (3 - (0 + 1)))) + 46?
38
What is the value of -6 + (14 - 2) + 4 - (2 - (23 - -4))?
35
32 + -209 + 120 + 159
102
Evaluate -64 - 27 - (-90 + -14).
13
2620 + -2561 + (-2 - 48) + (-1 - 93)
-85
Evaluate 59 + -1 + 1 + -13 + (-15 - -42) + -30.
43
Evaluate -38 - ((54 - 39) + -41).
-12
(-222 - -211) + 0 + -2 + (-1 - -37)
23
(-16 - 0 - 1) + (-11382 - -11389)
-10
Calculate 48 + -90 + 44 + 6 + -52.
-44
62 + -67 + (-16 - -9)
-12
(2 - 6) + 3 + (21 - 0) + -28
-8
Calculate -4 + 9 + -49 + (684 - 522).
118
Calculate -53 + 13 + 40 + 23.
23
Evaluate 66 + (29 - (46 - (-15 - -29))).
63
What is -22 + (19 + (-4 - -3) - -30)?
26
0 + 25 + (25 - (-172 - -247))
-25
Evaluate 23 + (-5 - 6 - 6 - 55).
-49
Calculate -16 + 96 + (-3 - 18).
59
What is the value of (-13 - (-8 + 85)) + 30?
-60
(7 - 4) + -1 + 7 - (57 - 36) - -73
61
Evaluate 54 + (-61 - (-15 - 38)).
46
What is (36 - -14) + 0 - 60?
-10
What is the value of -23 - 9 - -27 - 32?
-37
What is the value of (-10 - 0) + 361 + -458 + 17?
-90
What is 7 - (50 - 89 - -35)?
11
Calculate (-8 - (1 - (14 + -13))) + -16 + 13.
-11
Evaluate 14 + 12 + 5 + -27.
4
(27 + -17 - 27 - -16) + 41
40
(-19 - -1) + (-41 - (-36 + -34)) + -54
-43
Calculate 10 + -6 + 23 + (17 - 37) + 1.
8
What is the value of 2 + (-29 - -15) + -6 - -85 - (9 - -1)?
57
1 + 6 + (116 - 98 - -28)
53
Calculate 20 + (-18 - (-35 + 33)) - -75.
79
Calculate 76 + -70 + -1 + (8 - 2) - (3 - 26).
34
What is -2 + 1 - (-10 - (-162 + (60 - 45)))?
-138
Evaluate 7958 + -7845 + (0 - 133).
-20
What is (2 - 44) + (-15 - (8 + -7 + -12) - -14)?
-32
What is the value of -1 - (-12 - -25) - (-6 - 57)?
49
-35 + -69 + 23 + -14 + -1 + 11
-85
Calculate -1 - -13 - (-18 + 17 - ((1 - 13) + 12)).
13
Calculate -99 - 20 - (-321 - -285).
-83
Evaluate 8 - (14 + -18) - (-1 + 1 + (-1 - -64)).
-51
What is the value of 10 + -14 + -23 - 17 - (17 + -18)?
-43
What is the value of (-14 - (-29 - -5)) + 11 + -2 + 35?
54
Evaluate 17 - (13 - (1 - (-16 + 3))).
18
(0 - 2) + (6 + 1 - -15 - 5)
15
What is 53 - 26 - -2 - -3?
32
What is -39 - (-21 + -13 + 21) - (-9 + 11)?
-28
Evaluate -79 + 87 + (-22 - -25).
11
What is the value of 9 + 1 + -9 + 5 + -14 + 7?
-1
Calculate 6 - (1 + -1) - (32 + (13 - 7 - -10)).
-42
What is -9 + (5 - (-4 - -5) - (-78 - -71) - 21)?
-19
Calculate (32 - 52) + 19 + -21.
-22
Evaluate -23 + (-99 - -243 - 77).
44
Calculate -38 + 9 + 6 + 30 - 0.
7
31 + (-1 - 10 - (-22 - (21 - 43)))
20
What is the value of 115 + -21 + -25 + 24 + -18?
75
What is the value of -12 + -36 + 228 + -266?
-86
What is the value of 21 + -26 + 12 + (72 + 7 - 5)?
81
-11 - 0 - (-96 - (-45 - -4)) - 14
30
What is 84 - (65 - 50) - 46?
23
What is the value of -153 - -3 - (-4749 - -4659)?
-60
What is the value of -23 + 24 + (-1 - -2) + (5 + -1 - 12)?
-6
Evaluate -67 + (-69 - -49) + 1 + (6 - -1 - -1).
-78
What is the value of -53 - 20 - (54 - 17 - 2)?
-108
(32 - (10 - -11)) + (-76 - ((4 - 3) + -1))
-65
Evaluate 2251 - 2261 - (-1 - 15 - 1) - (-2 + -62).
71
What is 16 - (30 + -29 - (-61 + 1))?
-45
Calculate (86 - (-59 - -91)) + -48.
6
Evaluate (7 - (-8 + 51)) + -23.
-59
What is the value of (30 - (-12 + 20 + -28)) + -4?
46
What is the value of -23 + 5 + (4 - 16 - -6)?
-24
What is the value of (5 - -126) + (-52 - (-58 + 33))?
104
What is 69 - (55 - 16) - 31 - (12 + 0)?
-13
What is the value of 28 + 193 - 228 - (-22 - 2)?
17
680 + -648 + 3 + 5 + 3 + -8
35
Calculate 6 + (58 - 19) + -12 + 6.
39
What is -34 - (-24 + 42 - 62) - (-9 - -2)?
17
Evaluate (-18 - -7) + (-25 + 15 - -7) + 9.
-5
-46 - (25 - (-10 + 34))
-47
(0 - 8) + (65 - (52 + -23))
28
What is the value of -2 + -23 - (-4 + ((-16 - -31) + -32 - -19))?
-23
3 + -49 + 45 + -25
-26
What is the value of 19 + 22 + -10 + 7 - -62?
100
What is 1 + -2 - -3 - (9 + -2 - (-785 - -832))?
42
Calculate -24 + -1 + -239 + 217 - (11 + -1) - 11.
-68
(89 - 111) + (-7 - 19)
-48
Evaluate 47 - ((-33 - (1 + -7)) + 13 - -16).
45
What is -58 + -32 + 51 + (-5 - 27)?
-71
What is -10 + -91 + (28 - (43 - 20))?
-96
What is -15 + (-21 - -11) + 29 + 0 + (-2 - -14)?
16
What is the value of 30 + (38 - (33 - -74))?
-39
(-12 - -22) + -3 + -3 - (-167 - -170)
1
Calculate 11 - ((-41 - (85 - 14)) + (13 - 0) + -6).
116
Calculate (-26 - (-51 - 0)) + -16.
9
(-78 - (34 + -89)) + 3
-20
-95 - (-25 - (-63 + 64))
-69
What is -6 + 5 + -3 - (4 - 33 - -36)?
-11
Evaluate -5 + -12 - (-3796 - -3847).
-68
What is (1 + -3 - (-17 - -2 - (-685 + 672))) + -64?
-64
Evaluate -51 + -23 + -5 + (-18 - -42).
-55
Evaluate -24 + -33 + 48 + -61.
-70
((37 - 88) + 70 - (-2 + 23)) + -5 + 67
60
Evaluate (-46 - -29) + 0 + -15 + 13.
-19
Evaluate 23 + -55 + -12 + 82.
38
What is 14 + (-30 - 28 - -48)?
4
What is the value of -9 - (16 + 0 + (112 - 27 - 8))?
-102
Calculate 98 + (1 - ((-1 - -5) + -2)) - (16 + -21).
102
Calculate 12 + ((63 - -33) + 24 - 37).
95
Calculate (-122 - -103) + -191 + 196 + (-25 - -1).
-38
Evaluate 18 - (5 + -53 + 63) - (-138 + 0).
141
What is the value of 36 + (-3 - -3) - (205 - 231)?
62
What is (-29 - (-1 + -7 + -12)) + 29?
20
(34 + -20 - 38) + 10 + 8 + -1
-7
1 + 104 + 2 + -32 + (121 - (80 - -26))
90
-41 + (14 - -1) - -3 - -12
-11
(-2 - (-4 + (5 - 2))) + (16 - -7 - 38)
-16
Calculate -30 - (16 + -14 + -45 + -28).
41
What is 9 + 7 + (-10 - 1) + 3?
8
Evaluate 22 - ((2 - (1 - 2)) + 65).
-46
What is the value of (121 - 126) + (-1 - -12) - (3 + -4 - 48)?
55
What is the value of 11 + 0 - ((7 - -1) + -29 + (34 - 20))?
18
Calculate -10 + (